{"id":293,"date":"2025-08-14T18:13:09","date_gmt":"2025-08-14T16:13:09","guid":{"rendered":"https:\/\/apbillardclub.fr\/?page_id=293"},"modified":"2026-01-27T15:21:01","modified_gmt":"2026-01-27T14:21:01","slug":"competitions","status":"publish","type":"page","link":"https:\/\/apbillardclub.fr\/index.php\/competitions\/","title":{"rendered":"Comp\u00e9titions BlackBall"},"content":{"rendered":"<div class=\"style-477 style-local-293-c1 position-relative\" data-colibri-id=\"293-c1\">\n<div id=\"about\" class=\"h-section h-section-global-spacing d-flex align-items-lg-center align-items-md-center align-items-center style-478 style-local-293-c2 position-relative\" data-colibri-component=\"section\" data-colibri-id=\"293-c2\">\n<div class=\"h-section-grid-container h-section-boxed-container\">\n<div class=\"h-row-container gutters-row-lg-2 gutters-row-md-2 gutters-row-2 gutters-row-v-lg-2 gutters-row-v-md-2 gutters-row-v-2 style-479 style-local-293-c3 position-relative\" data-colibri-id=\"293-c3\">\n<div class=\"h-row justify-content-lg-center justify-content-md-center justify-content-center align-items-lg-stretch align-items-md-stretch align-items-stretch gutters-col-lg-2 gutters-col-md-2 gutters-col-2 gutters-col-v-lg-2 gutters-col-v-md-2 gutters-col-v-2\">\n<div class=\"h-column h-column-container d-flex h-col-lg-auto h-col-md-auto h-col-auto style-480-outer style-local-293-c4-outer\">\n<div class=\"d-flex h-flex-basis h-column__inner h-px-lg-2 h-px-md-2 h-px-2 v-inner-lg-2 v-inner-md-2 v-inner-2 style-480 style-local-293-c4 position-relative\" data-colibri-id=\"293-c4\">\n<div class=\"w-100 h-y-container h-column__content h-column__v-align flex-basis-100 align-self-lg-center align-self-md-center align-self-center\">\n<div class=\"h-global-transition-all h-heading style-482 style-local-293-c6 position-relative h-element\" data-colibri-id=\"293-c6\">\n<div class=\"h-heading__outer style-482 style-local-293-c6\">\n<h2 class=\"\">TR BlackBall 2025\/2026<\/h2>\n<\/div>\n<\/div>\n<div class=\"h-lead h-text h-text-component style-483 style-local-293-c7 position-relative h-element\" data-colibri-id=\"293-c7\">\n<div class=\"\">\n<h3>Tournois r\u00e9gionaux<\/h3>\nV\u00e9t\u00e9rans le vendredi &#8211; Individuels le samedi &#8211; \u00e9quipes le dimanche\n<ul>\n \t<li><strong>TR 1 Bourlon<\/strong> : 14-15-16 novembre 2025<\/li>\n \t<li><strong>TR 2 Arras<\/strong> : 9-10-11 janvier 2026<\/li>\n \t<li><strong>TR 3 P\u00e9renchies<\/strong> : 27-28 f\u00e9vrier &amp; 1er mars 2026<\/li>\n \t<li><strong>TR 4 St-Just en chauss\u00e9e<\/strong> : 10-11-12 avril<\/li>\n \t<li><strong>TR 5 Cambrai<\/strong> : 1-2-3 mai<\/li>\n \t<li><strong>TR 6 Cucq<\/strong> : 22-23-24 mai<\/li>\n<\/ul>\n<h3>Coupe des Hauts-de-France (en club)<\/h3>\n<ul>\n \t<li>samedi 18 &amp; dimanche 19 octobre 2025<\/li>\n \t<li>dimanche 7 d\u00e9cembre<\/li>\n \t<li>dimanche 15 mars<\/li>\n<\/ul>\n<h3>Coupe de France<\/h3>\n<ul>\n \t<li>jeudi 14 et vendredi 15 mai \/\/ Villeneuve sur Lot<\/li>\n<\/ul>\n<h3>Championnats de France<\/h3>\n<ul>\n \t<li>vendredi 19 &amp; samedi 20 &amp; dimanche 21 juin 2026 \/\/ Les Herbiers<\/li>\n<\/ul>\n<\/div>\n<\/div>\n<\/div>\n<\/div>\n<\/div>\n<div class=\"h-column h-column-container d-flex h-col-lg-auto h-col-md-auto h-col-auto style-486-outer style-local-293-c10-outer\">\n<div class=\"d-flex h-flex-basis h-column__inner h-px-lg-2 h-px-md-2 h-px-2 v-inner-lg-2 v-inner-md-2 v-inner-2 style-486 style-local-293-c10 position-relative\" data-colibri-id=\"293-c10\">\n<div class=\"w-100 h-y-container h-column__content h-column__v-align flex-basis-100 align-self-lg-center align-self-md-center align-self-center\">\n<div class=\"d-block style-487 style-local-293-c11 position-relative h-element\" data-colibri-id=\"293-c11\">\n<div class=\"h-image__frame-container-outer\">\n<div class=\"h-image__frame-container\">\n<div class=\"h-image__frame h-hide-lg h-hide-md h-hide-sm style-487-frameImage style-local-293-c11-frameImage\"><\/div>\n<\/div>\n<\/div>\n<\/div>\n<\/div>\n<\/div>\n<\/div>\n<\/div>\n<\/div>\n<\/div>\n<\/div>\n<\/div>\n<script><br \/>\nconst ulElement = document.querySelector(\"ul\");<br \/>\nfetch(<br \/>\n\"https:\/\/api.cuescore.com\/tournament\/?id=63776395\").then((response) => {return response.json();})<br \/>\n.then((users) =>{<br \/>\nfor (const user of users){<br \/>\nconst liElement = document.createElement(\"li\");<br \/>\nliElement.innerText = user.standings;<br \/>\nulElement.appendChild(liElement);<br \/>\n}<br \/>\n});<\/p>\n<p><\/script>","protected":false},"excerpt":{"rendered":"<p>TR BlackBall 2025\/2026 Tournois r\u00e9gionaux V\u00e9t\u00e9rans le vendredi &#8211; Individuels le samedi &#8211; [&hellip;]<\/p>\n","protected":false},"author":3,"featured_media":0,"parent":0,"menu_order":0,"comment_status":"closed","ping_status":"closed","template":"page-templates\/full-width-page.php","meta":{"footnotes":""},"class_list":["post-293","page","type-page","status-publish","hentry"],"yoast_head":"<!-- This site is optimized with the Yoast SEO plugin v25.9 - https:\/\/yoast.com\/wordpress\/plugins\/seo\/ -->\n<title>Comp\u00e9titions BlackBall - Amiens Picardie Billard<\/title>\n<meta name=\"robots\" content=\"index, follow, max-snippet:-1, max-image-preview:large, max-video-preview:-1\" \/>\n<link rel=\"canonical\" href=\"https:\/\/apbillardclub.fr\/index.php\/competitions\/\" \/>\n<meta property=\"og:locale\" content=\"fr_FR\" \/>\n<meta property=\"og:type\" content=\"article\" \/>\n<meta property=\"og:title\" content=\"Comp\u00e9titions BlackBall - Amiens Picardie Billard\" \/>\n<meta property=\"og:description\" content=\"TR BlackBall 2025\/2026 Tournois r\u00e9gionaux V\u00e9t\u00e9rans le vendredi &#8211; Individuels le samedi &#8211; [&hellip;]\" \/>\n<meta property=\"og:url\" content=\"https:\/\/apbillardclub.fr\/index.php\/competitions\/\" \/>\n<meta property=\"og:site_name\" content=\"Amiens Picardie Billard\" \/>\n<meta property=\"article:publisher\" content=\"https:\/\/www.facebook.com\/profile.php?id=100054000347820\" \/>\n<meta property=\"article:modified_time\" content=\"2026-01-27T14:21:01+00:00\" \/>\n<meta property=\"og:image\" content=\"https:\/\/apbillardclub.fr\/wp-content\/uploads\/2025\/08\/cropped-fond-1-scaled-1.jpg\" \/>\n\t<meta property=\"og:image:width\" content=\"2560\" \/>\n\t<meta property=\"og:image:height\" content=\"1601\" \/>\n\t<meta property=\"og:image:type\" content=\"image\/jpeg\" \/>\n<meta name=\"twitter:card\" content=\"summary_large_image\" \/>\n<meta name=\"twitter:label1\" content=\"Dur\u00e9e de lecture estim\u00e9e\" \/>\n\t<meta name=\"twitter:data1\" content=\"1 minute\" \/>\n<script type=\"application\/ld+json\" class=\"yoast-schema-graph\">{\"@context\":\"https:\/\/schema.org\",\"@graph\":[{\"@type\":\"WebPage\",\"@id\":\"https:\/\/apbillardclub.fr\/index.php\/competitions\/\",\"url\":\"https:\/\/apbillardclub.fr\/index.php\/competitions\/\",\"name\":\"Comp\u00e9titions BlackBall - Amiens Picardie Billard\",\"isPartOf\":{\"@id\":\"https:\/\/apbillardclub.fr\/#website\"},\"datePublished\":\"2025-08-14T16:13:09+00:00\",\"dateModified\":\"2026-01-27T14:21:01+00:00\",\"breadcrumb\":{\"@id\":\"https:\/\/apbillardclub.fr\/index.php\/competitions\/#breadcrumb\"},\"inLanguage\":\"fr-FR\",\"potentialAction\":[{\"@type\":\"ReadAction\",\"target\":[\"https:\/\/apbillardclub.fr\/index.php\/competitions\/\"]}]},{\"@type\":\"BreadcrumbList\",\"@id\":\"https:\/\/apbillardclub.fr\/index.php\/competitions\/#breadcrumb\",\"itemListElement\":[{\"@type\":\"ListItem\",\"position\":1,\"name\":\"Accueil\",\"item\":\"https:\/\/apbillardclub.fr\/\"},{\"@type\":\"ListItem\",\"position\":2,\"name\":\"Comp\u00e9titions BlackBall\"}]},{\"@type\":\"WebSite\",\"@id\":\"https:\/\/apbillardclub.fr\/#website\",\"url\":\"https:\/\/apbillardclub.fr\/\",\"name\":\"Amiens Picardie Billard\",\"description\":\"APB\",\"publisher\":{\"@id\":\"https:\/\/apbillardclub.fr\/#organization\"},\"alternateName\":\"Club FFB de billard d'Amiens\",\"potentialAction\":[{\"@type\":\"SearchAction\",\"target\":{\"@type\":\"EntryPoint\",\"urlTemplate\":\"https:\/\/apbillardclub.fr\/?s={search_term_string}\"},\"query-input\":{\"@type\":\"PropertyValueSpecification\",\"valueRequired\":true,\"valueName\":\"search_term_string\"}}],\"inLanguage\":\"fr-FR\"},{\"@type\":\"Organization\",\"@id\":\"https:\/\/apbillardclub.fr\/#organization\",\"name\":\"Amiens Picardie Billard\",\"url\":\"https:\/\/apbillardclub.fr\/\",\"logo\":{\"@type\":\"ImageObject\",\"inLanguage\":\"fr-FR\",\"@id\":\"https:\/\/apbillardclub.fr\/#\/schema\/logo\/image\/\",\"url\":\"https:\/\/apbillardclub.fr\/wp-content\/uploads\/2025\/05\/cropped-profil-2.jpg\",\"contentUrl\":\"https:\/\/apbillardclub.fr\/wp-content\/uploads\/2025\/05\/cropped-profil-2.jpg\",\"width\":718,\"height\":718,\"caption\":\"Amiens Picardie Billard\"},\"image\":{\"@id\":\"https:\/\/apbillardclub.fr\/#\/schema\/logo\/image\/\"},\"sameAs\":[\"https:\/\/www.facebook.com\/profile.php?id=100054000347820\"]}]}<\/script>\n<!-- \/ Yoast SEO plugin. -->","yoast_head_json":{"title":"Comp\u00e9titions BlackBall - Amiens Picardie Billard","robots":{"index":"index","follow":"follow","max-snippet":"max-snippet:-1","max-image-preview":"max-image-preview:large","max-video-preview":"max-video-preview:-1"},"canonical":"https:\/\/apbillardclub.fr\/index.php\/competitions\/","og_locale":"fr_FR","og_type":"article","og_title":"Comp\u00e9titions BlackBall - Amiens Picardie Billard","og_description":"TR BlackBall 2025\/2026 Tournois r\u00e9gionaux V\u00e9t\u00e9rans le vendredi &#8211; Individuels le samedi &#8211; [&hellip;]","og_url":"https:\/\/apbillardclub.fr\/index.php\/competitions\/","og_site_name":"Amiens Picardie Billard","article_publisher":"https:\/\/www.facebook.com\/profile.php?id=100054000347820","article_modified_time":"2026-01-27T14:21:01+00:00","og_image":[{"width":2560,"height":1601,"url":"https:\/\/apbillardclub.fr\/wp-content\/uploads\/2025\/08\/cropped-fond-1-scaled-1.jpg","type":"image\/jpeg"}],"twitter_card":"summary_large_image","twitter_misc":{"Dur\u00e9e de lecture estim\u00e9e":"1 minute"},"schema":{"@context":"https:\/\/schema.org","@graph":[{"@type":"WebPage","@id":"https:\/\/apbillardclub.fr\/index.php\/competitions\/","url":"https:\/\/apbillardclub.fr\/index.php\/competitions\/","name":"Comp\u00e9titions BlackBall - Amiens Picardie Billard","isPartOf":{"@id":"https:\/\/apbillardclub.fr\/#website"},"datePublished":"2025-08-14T16:13:09+00:00","dateModified":"2026-01-27T14:21:01+00:00","breadcrumb":{"@id":"https:\/\/apbillardclub.fr\/index.php\/competitions\/#breadcrumb"},"inLanguage":"fr-FR","potentialAction":[{"@type":"ReadAction","target":["https:\/\/apbillardclub.fr\/index.php\/competitions\/"]}]},{"@type":"BreadcrumbList","@id":"https:\/\/apbillardclub.fr\/index.php\/competitions\/#breadcrumb","itemListElement":[{"@type":"ListItem","position":1,"name":"Accueil","item":"https:\/\/apbillardclub.fr\/"},{"@type":"ListItem","position":2,"name":"Comp\u00e9titions BlackBall"}]},{"@type":"WebSite","@id":"https:\/\/apbillardclub.fr\/#website","url":"https:\/\/apbillardclub.fr\/","name":"Amiens Picardie Billard","description":"APB","publisher":{"@id":"https:\/\/apbillardclub.fr\/#organization"},"alternateName":"Club FFB de billard d'Amiens","potentialAction":[{"@type":"SearchAction","target":{"@type":"EntryPoint","urlTemplate":"https:\/\/apbillardclub.fr\/?s={search_term_string}"},"query-input":{"@type":"PropertyValueSpecification","valueRequired":true,"valueName":"search_term_string"}}],"inLanguage":"fr-FR"},{"@type":"Organization","@id":"https:\/\/apbillardclub.fr\/#organization","name":"Amiens Picardie Billard","url":"https:\/\/apbillardclub.fr\/","logo":{"@type":"ImageObject","inLanguage":"fr-FR","@id":"https:\/\/apbillardclub.fr\/#\/schema\/logo\/image\/","url":"https:\/\/apbillardclub.fr\/wp-content\/uploads\/2025\/05\/cropped-profil-2.jpg","contentUrl":"https:\/\/apbillardclub.fr\/wp-content\/uploads\/2025\/05\/cropped-profil-2.jpg","width":718,"height":718,"caption":"Amiens Picardie Billard"},"image":{"@id":"https:\/\/apbillardclub.fr\/#\/schema\/logo\/image\/"},"sameAs":["https:\/\/www.facebook.com\/profile.php?id=100054000347820"]}]}},"_links":{"self":[{"href":"https:\/\/apbillardclub.fr\/index.php\/wp-json\/wp\/v2\/pages\/293","targetHints":{"allow":["GET"]}}],"collection":[{"href":"https:\/\/apbillardclub.fr\/index.php\/wp-json\/wp\/v2\/pages"}],"about":[{"href":"https:\/\/apbillardclub.fr\/index.php\/wp-json\/wp\/v2\/types\/page"}],"author":[{"embeddable":true,"href":"https:\/\/apbillardclub.fr\/index.php\/wp-json\/wp\/v2\/users\/3"}],"replies":[{"embeddable":true,"href":"https:\/\/apbillardclub.fr\/index.php\/wp-json\/wp\/v2\/comments?post=293"}],"version-history":[{"count":19,"href":"https:\/\/apbillardclub.fr\/index.php\/wp-json\/wp\/v2\/pages\/293\/revisions"}],"predecessor-version":[{"id":1116,"href":"https:\/\/apbillardclub.fr\/index.php\/wp-json\/wp\/v2\/pages\/293\/revisions\/1116"}],"wp:attachment":[{"href":"https:\/\/apbillardclub.fr\/index.php\/wp-json\/wp\/v2\/media?parent=293"}],"curies":[{"name":"wp","href":"https:\/\/api.w.org\/{rel}","templated":true}]}}